d 6040?
40
Calculate the highest common factor of 4 and 4.
4
What is the greatest common divisor of 63 and 567?
63
Calculate the highest common factor of 80 and 80.
80
What is the greatest common factor of 114 and 60?
6
What is the highest common divisor of 216 and 112?
8
Calculate the greatest common factor of 64 and 436.
4
What is the highest common divisor of 1806 and 42?
42
What is the highest common divisor of 20 and 35?
5
Calculate the greatest common factor of 295 and 5.
5
Calculate the greatest common factor of 42 and 98.
14
What is the greatest common factor of 16 and 3184?
16
What is the highest common factor of 35 and 196?
7
Calculate the greatest common factor of 4416 and 2070.
138
What is the highest common factor of 286 and 169?
13
What is the greatest common divisor of 16 and 848?
16
What is the highest common factor of 460 and 40?
20
What is the highest common divisor of 9 and 639?
9
What is the highest common factor of 243 and 45?
9
Calculate the greatest common divisor of 20 and 3830.
10
What is the greatest common divisor of 52 and 4810?
26
What is the greatest common factor of 7 and 273?
7
Calculate the highest common divisor of 46528 and 8.
8
What is the greatest common divisor of 671 and 305?
61
What is the highest common divisor of 5 and 905?
5
What is the highest common factor of 2068 and 264?
44
Calculate the greatest common factor of 8636 and 340.
68
What is the greatest common divisor of 60 and 2020?
20
What is the highest common divisor of 161 and 91?
7
What is the greatest common divisor of 1175 and 50?
25
Calculate the greatest common divisor of 1590 and 30.
30
What is the highest common factor of 28 and 16142?
14
Calculate the greatest common factor of 1863 and 345.
69
What is the highest common divisor of 81 and 9288?
27
What is the highest common divisor of 11 and 4378?
11
What is the highest common factor of 175 and 7315?
35
What is the greatest common factor of 8 and 664?
8
What is the greatest common factor of 253 and 2222?
11
What is the highest common divisor of 20 and 1615?
5
Calculate the greatest common factor of 221 and 104.
13
Calculate the greatest common factor of 432 and 48.
48
Calculate the highest common factor of 2714 and 177.
59
What is the greatest common divisor of 120 and 45?
15
What is the greatest common divisor of 1298 and 682?
22
Calculate the highest common factor of 108 and 396.
36
What is the greatest common factor of 714 and 12?
6
What is the highest common factor of 825 and 2343?
33
Calculate the greatest common factor of 44 and 1188.
44
What is the highest common factor of 470 and 670?
10
What is the highest common divisor of 180 and 2745?
45
Calculate the greatest common factor of 8 and 5812.
4
What is the greatest common divisor of 612 and 72?
36
What is the highest common factor of 224 and 3104?
32
Calculate the highest common divisor of 16 and 5336.
8
Calculate the highest common factor of 11 and 682.
11
Calculate the highest common divisor of 1199 and 242.
11
Calculate the highest common divisor of 14 and 6874.
14
What is the highest common factor of 1372 and 28?
28
What is the greatest common factor of 413 and 14?
7
Calculate the greatest common divisor of 18 and 414.
18
What is the highest common factor of 277 and 3?
1
What is the greatest common factor of 24 and 5416?
8
What is the greatest common factor of 10 and 614?
2
Calculate the greatest common factor of 12730 and 114.
38
What is the highest common divisor of 3854 and 329?
47
Calculate the highest common divisor of 243 and 9.
9
What is the highest common divisor of 2 and 2?
2
What is the highest common factor of 1196 and 312?
52
What is the greatest common factor of 14 and 1379?
7
What is the highest common factor of 3408 and 24?
24
Calculate the greatest common factor of 494 and 38.
38
What is the greatest common divisor of 7 and 19383?
7
Calculate the greatest common factor of 37 and 1369.
37
Calculate the greatest common factor of 123 and 82.
41
What is the greatest common divisor of 63 and 4032?
63
Calculate the greatest common factor of 22 and 3091.
11
Calculate the highest common factor of 95 and 6859.
19
Calculate the greatest common divisor of 68 and 8.
4
Calculate the greatest common divisor of 100 and 575.
25
Calculate the highest common factor of 76 and 4.
4
What is the greatest common factor of 1660 and 70?
10
Calculate the greatest common factor of 390 and 9620.
130
What is the greatest common factor of 15 and 135?
15
What is the highest common factor of 1 and 13?
1
Calculate the highest common factor of 12 and 918.
6
What is the greatest common divisor of 30 and 490?
10
What is the highest common factor of 32 and 11984?
16
Calculate the highest common factor of 609 and 63.
21
Calculate the highest common factor of 134499 and 321.
321
Calculate the highest common divisor of 93 and 31.
31
Calculate the highest common factor of 23550 and 5.
5
What is the highest common divisor of 51 and 51663?
51
What is the highest common factor of 3399 and 99?
33
What is the greatest common divisor of 2951 and 13?
13
What is the greatest common factor of 1088 and 17?
17
Calculate the highest common divisor of 735 and 1911.
147
Calculate the greatest common factor of 3626 and 74.
74
Calculate the highest common factor of 208 and 26.
26
Calculate the highest common factor of 58 and 3074.
58
What is the greatest common factor of 2900 and 20?
20
Calculate the highest common divisor of 2530 and 990.
110
What is the greatest common factor of 1947 and 825?
33
What is the greatest common factor of 2 and 74?
2
What is the highest common factor of 19 and 703?
19
Calculate the greatest common factor of 30 and 170.
10
What is the highest common divisor of 28 and 196?
28
Calculate the highest common factor of 39776 and 64.
32
What is the greatest common factor of 22 and 484?
22
Calculate the greatest common factor of 2494 and 522.
58
Calculate the greatest common divisor of 3072 and 48.
48
What is the greatest common factor of 520 and 4472?
104
Calculate the greatest common factor of 65 and 5.
5
Calculate the highest common factor of 1632 and 340.
68
What is the greatest common factor of 111 and 444?
111
What is the highest common factor of 124 and 15252?
124
Calculate the highest common divisor of 171 and 152.
19
Calculate the greatest common divisor of 49 and 1.
1
Calculate the highest common factor of 108 and 21222.
54
Calculate the greatest common factor of 17 and 391.
17
What is the highest common factor of 24 and 8024?
8
What is the greatest common divisor of 1899 and 144?
9
Calculate the greatest common factor of 63 and 3045.
21
What is the highest common divisor of 5201 and 63?
7
What is the highest common factor of 18 and 225?
9
What is the greatest common factor of 3 and 375?
3
Calculate the greatest common divisor of 543 and 3.
3
Calculate the greatest common factor of 481 and 1036.
37
What is the greatest common factor of 1782 and 234?
18
What is the greatest common factor of 20 and 13460?
20
What is the greatest common factor of 144 and 9408?
48
What is the highest common factor of 102 and 5457?
51
Calculate the highest common divisor of 297 and 319.
11
Calculate the greatest common factor of 108 and 3834.
54
Calculate the greatest common divisor of 200 and 120.
40
What is the greatest common factor of 6 and 417?
3
Calculate the greatest common divisor of 154 and 28.
14
What is the greatest common divisor of 161 and 9499?
161
What is the greatest common divisor of 428 and 11663?
107
Calculate the highest common divisor of 1326 and 26.
26
What is the highest common divisor of 126 and 154?
14
What is the highest common factor of 290 and 250?
10
Calculate the greatest common factor of 142 and 11076.
142
What is the greatest common divisor of 54 and 186?
6
Calculate the highest common divisor of 72 and 261.
9
What is the highest common factor of 336 and 357?
21
What is the highest common divisor of 2840 and 60?
20
What is the greatest common factor of 1 and 47?
1
Calculate the highest common divisor of 90 and 126.
18
What is the greatest common factor of 22329 and 27?
27
What is the greatest common divisor of 663 and 204?
51
What is the highest common factor of 312 and 11700?
156
Calculate the greatest common factor of 2